 40 is divided by 4.
0
What is the remainder when 541 is divided by 89?
7
What is the remainder when 36 is divided by 13?
10
What is the remainder when 500 is divided by 14?
10
Calculate the remainder when 115 is divided by 17.
13
Calculate the remainder when 4960 is divided by 121.
120
Calculate the remainder when 59 is divided by 17.
8
Calculate the remainder when 263 is divided by 6.
5
What is the remainder when 449 is divided by 167?
115
Calculate the remainder when 384 is divided by 43.
40
Calculate the remainder when 825 is divided by 23.
20
What is the remainder when 292 is divided by 59?
56
What is the remainder when 125 is divided by 19?
11
Calculate the remainder when 180 is divided by 45.
0
What is the remainder when 6021 is divided by 46?
41
What is the remainder when 1858 is divided by 158?
120
What is the remainder when 1216 is divided by 102?
94
What is the remainder when 59 is divided by 23?
13
Calculate the remainder when 3791 is divided by 316.
315
What is the remainder when 524 is divided by 16?
12
Calculate the remainder when 233 is divided by 10.
3
What is the remainder when 149 is divided by 77?
72
What is the remainder when 346 is divided by 130?
86
Calculate the remainder when 3259 is divided by 16.
11
What is the remainder when 129 is divided by 67?
62
What is the remainder when 319 is divided by 103?
10
What is the remainder when 4494 is divided by 31?
30
What is the remainder when 178 is divided by 79?
20
Calculate the remainder when 660 is divided by 96.
84
What is the remainder when 959 is divided by 32?
31
What is the remainder when 214 is divided by 61?
31
What is the remainder when 17127 is divided by 8?
7
What is the remainder when 331 is divided by 42?
37
What is the remainder when 218 is divided by 10?
8
What is the remainder when 936 is divided by 322?
292
Calculate the remainder when 203 is divided by 12.
11
What is the remainder when 10424 is divided by 401?
399
What is the remainder when 287 is divided by 93?
8
Calculate the remainder when 244 is divided by 75.
19
Calculate the remainder when 307 is divided by 13.
8
What is the remainder when 92 is divided by 35?
22
What is the remainder when 294 is divided by 37?
35
What is the remainder when 3456 is divided by 124?
108
What is the remainder when 1525 is divided by 305?
0
Calculate the remainder when 1489 is divided by 88.
81
What is the remainder when 342 is divided by 23?
20
Calculate the remainder when 220 is divided by 15.
10
Calculate the remainder when 554 is divided by 46.
2
What is the remainder when 1239 is divided by 20?
19
Calculate the remainder when 1295 is divided by 72.
71
What is the remainder when 13564 is divided by 114?
112
Calculate the remainder when 132 is divided by 4.
0
Calculate the remainder when 644 is divided by 106.
8
Calculate the remainder when 1109 is divided by 356.
41
Calculate the remainder when 4161 is divided by 33.
3
What is the remainder when 211 is divided by 56?
43
What is the remainder when 525 is divided by 67?
56
Calculate the remainder when 907 is divided by 14.
11
Calculate the remainder when 648 is divided by 5.
3
Calculate the remainder when 400 is divided by 58.
52
What is the remainder when 51 is divided by 29?
22
Calculate the remainder when 5077 is divided by 24.
13
What is the remainder when 2191 is divided by 16?
15
What is the remainder when 355 is divided by 21?
19
What is the remainder when 200 is divided by 99?
2
What is the remainder when 1430 is divided by 294?
254
Calculate the remainder when 9371 is divided by 11.
10
Calculate the remainder when 460 is divided by 77.
75
Calculate the remainder when 322 is divided by 19.
18
What is the remainder when 65 is divided by 50?
15
Calculate the remainder when 128 is divided by 103.
25
What is the remainder when 22036 is divided by 58?
54
What is the remainder when 78 is divided by 31?
16
What is the remainder when 344 is divided by 29?
25
What is the remainder when 69 is divided by 27?
15
Calculate the remainder when 2053 is divided by 21.
16
What is the remainder when 727 is divided by 143?
12
Calculate the remainder when 140 is divided by 75.
65
Calculate the remainder when 785 is divided by 132.
125
Calculate the remainder when 2124 is divided by 28.
24
Calculate the remainder when 40 is divided by 24.
16
Calculate the remainder when 241 is divided by 29.
9
Calculate the remainder when 6416 is divided by 207.
206
What is the remainder when 462 is divided by 58?
56
Calculate the remainder when 231 is divided by 17.
10
What is the remainder when 754 is divided by 198?
160
What is the remainder when 614 is divided by 67?
11
Calculate the remainder when 1112 is divided by 133.
48
What is the remainder when 173 is divided by 22?
19
Calculate the remainder when 788 is divided by 260.
8
Calculate the remainder when 474 is divided by 16.
10
What is the remainder when 545 is divided by 78?
77
What is the remainder when 70 is divided by 8?
6
Calculate the remainder when 859 is divided by 424.
11
What is the remainder when 355 is divided by 109?
28
Calculate the remainder when 60 is divided by 12.
0
What is the remainder when 5324 is divided by 43?
35
What is the remainder when 7613 is divided by 634?
5
Calculate the remainder when 12 is divided by 6.
0
Calculate the remainder when 1109 is divided by 167.
107
What is the remainder when 219 is divided by 87?
45
What is the remainder when 93 is divided by 49?
44
What is the remainder when 3304 is divided by 38?
36
Calculate the remainder when 580 is divided by 53.
50
What is the remainder when 1655 is divided by 341?
291
Calculate the remainder when 53 is divided by 2.
1
What is the remainder when 229 is divided by 60?
49
Calculate the remainder when 176 is divided by 13.
7
What is the remainder when 160 is divided by 9?
7
Calculate the remainder when 436 is divided by 77.
51
Calculate the remainder when 295 is divided by 34.
23
What is the remainder when 1576 is divided by 175?
1
Calculate the remainder when 87 is divided by 52.
35
What is the remainder when 106 is divided by 47?
12
Calculate the remainder when 1401 is divided by 117.
114
Calculate the remainder when 1583 is divided by 23.
19
What is the remainder when 3217 is divided by 802?
9
Calculate the remainder when 656 is divided by 60.
56
What is the remainder when 222 is divided by 52?
14
What is the remainder when 1889 is divided by 63?
62
Calculate the remainder when 214 is divided by 143.
71
What is the remainder when 1239 is divided by 9?
6
Calculate the remainder when 334 is divided by 48.
46
What is the remainder when 100 is divided by 47?
6
What is the remainder when 306 is divided by 7?
5
Calculate the remainder when 277 is divided by 15.
7
Calculate the remainder when 302 is divided by 58.
12
Calculate the remainder when 56 is divided by 10.
6
Calculate the remainder when 423 is divided by 17.
15
Calculate the remainder when 1285 is divided by 56.
53
Calculate the remainder when 1861 is divided by 153.
25
What is the remainder when 81839 is divided by 15?
14
Calculate the remainder when 132 is divided by 29.
16
Calculate the remainder when 17723 is divided by 16.
11
Calculate the remainder when 148 is divided by 26.
18
What is the remainder when 142 is divided by 46?
4
What is the remainder when 2909 is divided by 16?
13
Calculate the remainder when 159 is divided by 134.
25
Calculate the remainder when 324 is divided by 55.
49
What is the remainder when 141 is divided by 9?
6
Calculate the remainder when 267 is divided by 17.
12
What is the remainder when 1077 is divided by 14?
13
What is the remainder when 1872 is divided by 468?
0
What is the remainder when 565 is divided by 231?
103
What is the remainder when 9474 is divided by 4726?
22
Calculate the remainder when 433 is divided by 71.
7
Calculate the remainder when 6185 is divided by 28.
25
What is the remainder when 1382 is divided by 379?
245
Calculate the remainder when 553 is divided by 15.
13
Calculate the remainder when 54 is divided by 6.
0
Calculate the remainder when 54129 is divided by 407.
405
Calculate the remainder when 1891 is divided by 73.
66
Calculate the remainder when 463 is divided by 29.
28
What is the remainder when 677 is divided by 176?
149
Calculate the re